List the prime factors of 82199483.
6143, 13381
What are the prime factors of 387091008?
2, 3, 224011
List the prime factors of 350074197.
3, 11, 1178701
List the prime factors of 1089463427.
13, 191, 438769
What are the prime factors of 2697384274?
2, 13, 103745549
List the prime factors of 2485279493.
41, 811, 1823
List the prime factors of 171128471.
719, 238009
What are the prime factors of 1498979112?
2, 3, 3361, 18583
List the prime factors of 3391486036.
2, 847871509
What are the prime factors of 1523845059?
3, 11, 23, 2007701
List the prime factors of 53574098.
2, 193, 138793
What are the prime factors of 1144015515?
3, 5, 23, 368443
List the prime factors of 645949146.
2, 3, 107658191
List the prime factors of 809455932.
2, 3, 22484887
List the prime factors of 913959611.
79, 139, 83231
What are the prime factors of 6876772579?
74507, 92297
What are the prime factors of 1615697774?
2, 5113, 157999
What are the prime factors of 5541946842?
2, 3, 13597, 67931
List the prime factors of 139818385.
5, 7, 271, 14741
List the prime factors of 70623567.
3, 7, 619, 1811
List the prime factors of 2302472442.
2, 3, 383745407
What are the prime factors of 68974114?
2, 11, 421, 677
What are the prime factors of 210987929?
210987929
What are the prime factors of 1073962557?
3, 4419599
What are the prime factors of 46018689?
3, 73, 210131
List the prime factors of 3718386947.
11, 10429, 32413
List the prime factors of 1770758478.
2, 3, 8597, 11443
What are the prime factors of 406590726?
2, 3, 131, 397, 1303
List the prime factors of 5731690950.
2, 3, 5, 79, 223, 241
What are the prime factors of 1447730771?
151, 199, 48179
List the prime factors of 3400284396.
2, 3, 23, 12319871
List the prime factors of 487137087.
3, 919, 58897
List the prime factors of 936275963.
7, 2029, 65921
List the prime factors of 41113066.
2, 20556533
List the prime factors of 71581637.
4373, 16369
What are the prime factors of 826687333?
967, 854899
What are the prime factors of 120853078?
2, 61, 990599
What are the prime factors of 4035450234?
2, 3, 23, 31, 943303
What are the prime factors of 1087679530?
2, 5, 7, 71, 218849
List the prime factors of 1049386207.
19, 2906887
What are the prime factors of 102116220?
2, 3, 5, 829, 2053
List the prime factors of 1362441502.
2, 1511, 450841
What are the prime factors of 3819188?
2, 59, 16183
What are the prime factors of 293942702?
2, 179, 821069
List the prime factors of 3434556231.
3, 359, 1063001
List the prime factors of 253375617.
3, 11, 31, 233, 1063
What are the prime factors of 8246321941?
11, 13, 29, 180773
What are the prime factors of 89354980?
2, 5, 11, 13, 157, 199
List the prime factors of 516348491.
73, 7073267
What are the prime factors of 190379749?
7, 555043
What are the prime factors of 1232009029?
79, 1867, 8353
What are the prime factors of 144777345?
3, 5, 43, 224461
List the prime factors of 143022163.
143022163
List the prime factors of 46551889.
359, 129671
List the prime factors of 3739490621.
433, 8636237
What are the prime factors of 757646202?
2, 3, 126274367
List the prime factors of 190296567.
3, 7048021
What are the prime factors of 4932823294?
2, 7, 23, 15319327
What are the prime factors of 4147621871?
4147621871
What are the prime factors of 1442118768?
2, 3, 23, 1306267
What are the prime factors of 2467368316?
2, 7, 88120297
What are the prime factors of 30492451?
11, 2772041
What are the prime factors of 22115475?
3, 5, 227, 433
List the prime factors of 2276966.
2, 1138483
What are the prime factors of 8490511329?
3, 2830170443
List the prime factors of 19177686.
2, 3, 11, 96857
What are the prime factors of 48401937?
3, 983, 5471
What are the prime factors of 1556327718?
2, 3, 11, 7860241
What are the prime factors of 139588066?
2, 69794033
What are the prime factors of 1310666076?
2, 3, 257, 47221
What are the prime factors of 1040420?
2, 5, 52021
List the prime factors of 120178001.
29, 4144069
List the prime factors of 84005930.
2, 5, 8400593
List the prime factors of 2695657490.
2, 5, 19, 59, 191, 1259
List the prime factors of 76581907.
4243, 18049
List the prime factors of 119283060.
2, 3, 5, 13, 23, 61, 109
What are the prime factors of 1506754860?
2, 3, 5, 13, 193, 10009
List the prime factors of 90655463.
751, 120713
List the prime factors of 186152128.
2, 2908627
What are the prime factors of 110847960?
2, 3, 5, 197, 521
List the prime factors of 64284234.
2, 3, 7, 233, 6569
List the prime factors of 873399225.
3, 5, 17, 685019
What are the prime factors of 2584249207?
53, 48759419
What are the prime factors of 106708293?
3, 23, 31, 241
List the prime factors of 232663422.
2, 3, 38777237
List the prime factors of 1984896390.
2, 3, 5, 66163213
What are the prime factors of 1088281820?
2, 5, 54414091
List the prime factors of 292696534.
2, 13, 3181, 3539
List the prime factors of 874444115.
5, 174888823
What are the prime factors of 82144478?
2, 13, 243031
What are the prime factors of 2488638980?
2, 5, 124431949
List the prime factors of 2567127718.
2, 313, 523, 7841
What are the prime factors of 5627577015?
3, 5, 1753, 71339
List the prime factors of 5064860448.
2, 3, 149, 39343
What are the prime factors of 350368434?
2, 3, 13, 149, 773
List the prime factors of 57235994.
2, 28617997
List the prime factors of 202035041.
13, 15541157
List the prime factors of 1066694234.
2, 47, 11347811
List the prime factors of 592231098.
2, 3, 29, 89, 167, 229
What are the prime factors of 44885853?
3, 1662439
What are the prime factors of 1999294733?
1999294733
What are the prime factors of 247685182?
2, 41, 3020551
List the prime factors of 1875551879.
499, 3758621
What are the prime factors of 485884649?
43, 11299643
What are the prime factors of 86878034?
2, 43439017
List the prime factors of 30826019.
7, 53, 83089
List the prime factors of 46530622.
2, 601, 38711
List the prime factors of 3506068234.
2, 2053, 853889
List the prime factors of 420410848.
2, 11, 13, 91873
What are the prime factors of 1122345797?
17, 1543, 42787
What are the prime factors of 48278209?
7, 6896887
List the prime factors of 315283888.
2, 31, 635653
What are the prime factors of 1210011391?
32887, 36793
What are the prime factors of 75465463?
139, 167, 3251
List the prime factors of 431774335.
5, 19, 157, 28949
List the prime factors of 26345047.
71, 371057
What are the prime factors of 69262375?
5, 7, 13, 6089
List the prime factors of 50382740.
2, 5, 2519137
List the prime factors of 552377635.
5, 110475527
List the prime factors of 264925708.
2, 71, 83, 11239
What are the prime factors of 55574975?
5, 449, 4951
What are the prime factors of 47223242?
2, 11, 2146511
List the prime factors of 366052346.
2, 11, 41, 79, 467
List the prime factors of 120858620.
2, 5, 19, 47, 67, 101
What are the prime factors of 1963155451?
79, 24850069
What are the prime factors of 71450718?
2, 3, 197, 60449
List the prime factors of 116745015.
3, 5, 79, 98519
What are the prime factors of 831141712?
2, 2753, 18869
List the prime factors of 1832335529.
97, 18890057
List the prime factors of 3001246828.
2, 12583, 59629
List the prime factors of 49044002.
2, 7, 193, 2593
What are the prime factors of 2424654645?
3, 5, 7, 3659, 6311
List the prime factors of 143084434.
2, 29, 2466973
What are the prime factors of 275208558?
2, 3, 45868093
List the prime factors of 196174649.
11, 2543, 7013
What are the prime factors of 1177006491?
3, 293, 148781
List the prime factors of 110305034.
2, 7, 163, 48337
List the prime factors of 71780495.
5, 14356099
List the prime factors of 111880452.
2, 3, 37, 251983
What are the prime factors of 175183488?
2, 3, 41, 3709
What are the prime factors of 210042836?
2, 41, 971, 1319
What are the prime factors of 58688950?
2, 5, 1173779
List the prime factors of 454562318.
2, 7, 1069, 4339
List the prime factors of 34035749.
11, 977, 3167
List the prime factors of 220676531.
157, 1405583
What are the prime factors of 68131141?
13, 5240857
List the prime factors of 92138732.
2, 7, 37, 88937
What are the prime factors of 1052457262?
2, 19973, 26347
List the prime factors of 518345380.
2, 5, 7, 3702467
What are the prime factors of 60078451?
1609, 37339
What are the prime factors of 1106898846?
2, 3, 1